 + 38 = -0*o. Suppose -f = z + u, -f + 0 = -2*z + 1. Determine m(f).
2
Suppose v = -2*d - 24, -30*v + 28*v = -3*d - 8. Let a(w) = -62*w - 492. What is a(v)?
4
Suppose 40*m - 30 = -54 + 24. Let h(z) be the second derivative of 1/20*z**5 - 23*z + m*z**4 + 1/3*z**3 + 0*z**2 + 0. Calculate h(-2).
-12
Let k(s) be the second derivative of -1/12*s**4 + 2*s**2 + 3*s + 0 - 3/2*s**3. Let r be (-37 + 2)*((-2)/(-16))/((-182)/(-416)). Give k(r).
-6
Let y(h) be the third derivative of -h**6/120 - 3*h**5/20 - 11*h**4/24 + 13*h**3/6 - 5*h**2 - 693*h. Give y(-8).
37
Let y(t) = 2*t**3 + 21*t**2 - 3*t - 32. Let u(v) = 3*v**3 + 42*v**2 - 5*v - 64. Let f(m) = 3*u(m) - 5*y(m). Give f(21).
-32
Let w(t) be the second derivative of 47*t**3/6 - 280*t**2 + 2322*t. Determine w(12).
4
Suppose -q - 53 = -66. Let m(w) = -w**2 - 9*w + 3 - w**2 - w**2 + q*w - w**3. Suppose 0*y = 4*y + 8. Calculate m(y).
-9
Let i be (3/1)/3*-7. Let d(x) be the second derivative of 5/3*x**3 - 1/20*x**5 + 5*x**2 + 6*x - 1/2*x**4 + 0. Calculate d(i).
-11
Let i(c) = -44*c - 901*c**2 + 438*c**2 + 464*c**2 + 199. Determine i(39).
4
Suppose 20*u - 18*u + 2 = 0. Let t be 15/12 + (-205)/(-20)*u. Let g(p) = p**2 + 10*p + 2. Calculate g(t).
-7
Let p(l) = l**3 + 8*l**2 + 7*l - 5. Let m be p(-7). Let k be 287/m - -2 - (-15)/(-25). Let w = 61 + k. Let n(b) = -4*b + 5. Determine n(w).
-15
Let i(a) = -2*a**2 + 9*a - 20. Let c(p) = p**2 - 5*p + 11. Let x = -107 - -101. Let q(g) = x*i(g) - 11*c(g). Calculate q(3).
11
Let k be (77/22 - 2) + 234/36. Let j(s) = -4*s + 54. Calculate j(k).
22
Let x = 41 + -45. Let b(u) = u**2 + 3*u - 1. Let j be b(x). Let r(p) = -4 - 3*p**j + 4*p**3 - 9*p**2 + 4*p**2 + 7*p - p**2. Determine r(4).
-8
Let u(n) be the third derivative of n**5/30 + n**4/24 - 7*n**3/6 + 9*n**2. Let x be u(3). Let h be 2/(-4) - (x/(-4) + 0). Let b(q) = -2*q + 4. Calculate b(h).
-2
Let b = 224 + -97. Let h = b + -88. Let q(c) = -21*c + h*c - 19*c + 5. Determine q(5).
0
Suppose 3*o + 20 + 10 = 0. Suppose 175*u - 187*u - 36 = 0. Let g(k) = -2*k**2 - 27*k - 12. Let x(w) = w**2 + 14*w + 6. Let l(t) = u*g(t) - 5*x(t). What is l(o)?
-4
Let u(j) be the first derivative of 5*j**2 + j - 1. Let r be -3*2*(-3)/((-9)/(-6)). Let b be (r/(-42))/((-11)/77). Calculate u(b).
21
Let s(f) = -f**3 - 5*f**2 - 3*f + 2. Let a be (6/4)/(10 + 222/(-24))*-1. Give s(a).
-4
Let b = -217 + 223. Let n(m) = 5*m + 94 - b*m - 86. Give n(9).
-1
Let g be 3/12 + 36634/(-104). Let j = g - -348. Let r(q) = q**2 - 3*q + 4. Determine r(j).
32
Suppose 7*c - 59 + 24 = 0. Suppose -2*v + 3*y + 25 = 0, 0 = -4*v + 8*v + 3*y - c. Let g(p) = -p**3 + 4*p**2 + 5*p + 3. Determine g(v).
3
Let f be ((-48)/(-24))/((-2)/(-3)). Let x(n) = 5*n**3 - 8*n**3 - n**3 - 3*n**2 + 1 - n**f + 6*n**3. Suppose 4*r + 3 = o, o + 4*r - 2*r = 3. Give x(o).
1
Let w(l) = -232*l - 2*l**2 + 0 - 1 + 3*l**2 + 230*l. Give w(1).
-2
Suppose 0 = -6*r + 256 - 274. Let z be 4 - (1 - -9) - r. Let x(h) = 0*h**2 - h**2 + 8 - 2 - 4*h - 5. What is x(z)?
4
Let l(i) = 20*i**2 + 24 + 3*i**3 - 2*i**3 - 102 - 29*i**2 + 21*i**2 - 6*i. Calculate l(-12).
-6
Let f = 3093 + -3087. Let h(x) = x**2 + 19*x + 1. Let n(u) = -u**2 - 9*u. Let z(q) = -3*h(q) - 5*n(q). Give z(f).
-3
Let x be (-8 - 253/(-33))/((1/15)/1). Let l(v) be the third derivative of -v**5/60 - v**4/4 - v**3/2 + 8*v**2. Calculate l(x).
2
Let l(b) = b**3 - 3*b**2 + b - 2. Let p(q) = q**2 + 10*q - 126. Let y be p(-16). Suppose 2*u + 3*u + 135 = 0. Let d = u - y. Give l(d).
1
Suppose -5*r - 179 = -2*p - 1153, -4*r - 3*p + 793 = 0. Let h(j) = -97 - j**3 - 93 - 6*j**2 + r + 4*j. Determine h(-6).
-18
Let s(h) be the second derivative of h**5/20 - 7*h**4/6 - 13*h**3/6 - 31*h**2/2 + 2*h + 702. Determine s(15).
-1
Let l(r) be the second derivative of -r**4/12 + 25*r**3/6 - 85*r**2/2 - 2*r - 805. Calculate l(21).
-1
Let m(j) be the first derivative of j**4/4 - j**2/2 + 4*j - 35. Calculate m(-3).
-20
Let o(c) = 4*c**2 + 2*c + 4. Suppose z - 13 = -0*z + 4*t, -2*t - 2 = 0. Suppose 9*h = z - 36. What is o(h)?
34
Let q(i) = i**2 - 14*i - 109. Let p be q(-6). Let u(o) = o**3 - 11*o**2 + 2*o + 8. Determine u(p).
30
Let t = 343 + -344. Let n be (t/2)/(30/180). Let a(y) = -y**3 - 4*y**2 - 3*y - 4. Give a(n).
-4
Suppose -9*i + 410 + 166 = 0. Suppose 66 = 2*j + i. Let v(p) = -12*p**2 - p. Calculate v(j).
-13
Let t(z) = z**2 - 4*z - 7. Let d(s) = -4*s + 9. Let b be d(1). Suppose -f = 5*c - 33, b*c + 5*f - 9 = 16. Calculate t(c).
14
Let f = -5 + 7. Let s(g) = 139*g**2 - 68*g**2 + 3*g - 6*g - 69*g**2 + 1. Give s(f).
3
Let w(u) = -13*u**2 - 15*u + 15. Let m(a) = 8*a**2 + 9*a - 8. Let v(b) = -5*m(b) - 3*w(b). Determine v(-2).
-9
Let a be -1*(-12 - -1)/(-33)*-45. Let l(z) = z**3 - 16*z**2 + 22*z - 94. What is l(a)?
11
Let t(d) = d. Let w(v) = 15*v**3 - 4*v - 5. Let m be w(-1). Let c = m + 14. Let a(u) = -12*u + 1. Let j(b) = c*t(b) + a(b). Calculate j(-1).
15
Let j(g) = g**3 + 4*g**2 - 7*g - 10. Let f = -6878 - -6875. Determine j(f).
20
Suppose 23*n - 5 - 202 = 0. Let x(c) = -n*c + 17*c - 8 - 32*c**2 + 33*c**2. Calculate x(-8).
-8
Suppose 2*w + 2*i + 20 = 0, 5*i - 13 - 17 = 3*w. Let g(n) = 20556*n - 10*n**2 - 20557*n - 4 - 5 + 3 - n**3 + 1. Give g(w).
5
Let v(c) = -c**3 - c**2 + 5*c - 1. Let z(t) = -3*t**3 - 12*t**2 + 22*t + 3. Let l(b) = 4*v(b) - z(b). Calculate l(7).
28
Let d(q) = -q**3 - 12*q**2 + 24*q + 149. Let w be d(-13). Let i(r) be the second derivative of r**5/20 - 7*r**4/12 + 2*r**3/3 - 3*r**2/2 + 3*r. Determine i(w).
-15
Suppose -2958 = 15*c - 333. Let z be c/210 - 2/12. Let i(d) = 2*d - 1. Calculate i(z).
-3
Let n(x) = x**2 - 5*x + 2. Suppose 6*m - 308 = 340. Suppose -2*z - 4*z = -m. Let i = 23 - z. Determine n(i).
2
Suppose 18*z - 139 = -31. Let t(q) = q**2 + q - 4. Calculate t(z).
38
Let a(p) = p**3 - 3*p**2 - 2*p + 4. Let s be a(6). Suppose -s*o + 101*o = 0. Let g(c) = c**3 + c**2 + c + 9. What is g(o)?
9
Suppose 2140 = 8*t - 4*t. Let b = 528 - t. Let m(p) = p**2 + 9*p - 1. Give m(b).
-15
Let z(o) be the second derivative of -o**4/12 - o**3/2 - o**2 - o - 251. Suppose 4*x + 7 = -25. Let v be x + (-1 + 0 - -3). Calculate z(v).
-20
Suppose 23*q + 32*q = 440. Let m(v) = -v**3 + 9*v**2 - 7*v - 6. What is m(q)?
2
Suppose 3*r + 165 = 249. Suppose 4*u + 4*b - r = 0, -5*u + u - b + 16 = 0. Let a(k) = -k**2 + 2*k - 5. Calculate a(u).
-8
Let n(h) = 10*h + 1. Let w = -2 + 6. Let l(k) be the second derivative of -3*k**3/2 - k**2/2 + 676*k. Let f(x) = w*l(x) + 3*n(x). Determine f(-1).
5
Let h(r) = 2*r**3 + 16*r**2 - 23*r + 24. Let s(u) = -u**3 - 8*u**2 + 13*u - 13. Let y(d) = 3*h(d) + 5*s(d). Determine y(-9).
-38
Let u(z) = z**3 + 6*z**2 + 3*z - 5. Let t = 27 - 31. Let g be t + (-1)/(4/(-40)). Let b be (25/(-15))/(2/g). What is u(b)?
5
Let p(k) = -2*k**3 - k + 7. Let i(c) = -c**3 + c**2 + 1. Let b(m) = 4*i(m) - p(m). Let x be (3/1)/((24/12)/2). What is b(x)?
-18
Suppose 21 - 6 = -5*b. Let o(d) = -21*d + 19. Let a(g) = -22*g + 20. Let z(y) = -a(y) + o(y). Determine z(b).
-4
Let n(r) be the third derivative of r**5/60 + 29*r**4/24 + 167*r**3/6 + 912*r**2. Give n(-8).
-1
Suppose 4*m = 3*m + 3. Let u = 4 - m. Let s(g) = -47*g**2 + 19*g**2 - 1847*g + 1848*g + 29*g**2. Calculate s(u).
2
Let q(i) = -i**3 - 4*i**2 - 6*i - 27. Let d(x) = -9*x**3 + 66*x**2 - 21*x - 4. Let j be d(7). Calculate q(j).
-3
Let p(n) = 8*n**2 - 2*n - 6. Let c(y) = -5*y**2 + y + 5. Let s(g) = 3*c(g) + 2*p(g). Let x(w) = 4*w**2 - 18*w + 35. Let r(t) = 3*s(t) - x(t). Give r(13).
0
Let a(d) = 37*d - 25. Let o(x) = 63*x - 53. Let r(g) = -5*a(g) + 3*o(g). Calculate r(5).
-14
Let v(y) = y + 26. Let s be v(-19). Let x(o) = 2*o + s - 9 + 0 - o. What is x(0)?
-2
Let p(o) = 3*o**2 + 12*o**3 - 11*o**3 - 9*o - 4*o + 5*o**2 + 2 - 3*o**2. Give p(-7).
-5
Let n(x) = x**2 - 34*x + 170. Let s be n(28). Let b(a) = -37*a**2 + s - 47*a**2 - 3*a + 82*a**2. Suppose 0*p + 8 = 4*p - 4*g, -2*p - 3*g = -4. Determine b(p).
-12
Let u(d) = 41*d**2 - 219*d + 4. Let k(v) = -15*v**2 + 80*v - 1. Let n(q) = 11*k(q) + 4*u(q). Determine n(5).
0
Suppose -4*n = -4*g + 24, 27 = -4*n + 312*g - 311*g. Let y(f) = f + 2. Give y(n).
-5
Let o(z) = -z**2 + 7*z + 34. Suppose 861*k - 438*k = 431*k. What is o(k)?
34
Let m be 92/12 - ((-22)/(-6) - 3). Let o(z) = -3 + m*z + 4*z - 3 - 10*z. Calculate o(0).
-6
Let o(a) = 25*a - 157. Suppose -9 = 